+ 3*f - t = 13. What is the units digit of i?
1
Suppose -3*u - 2*f - 4 - 6 = 0, 2*u - 2*f = 0. Let r be ((-6)/4)/(1/u). Suppose -i + 58 = -r*l, -l = i - 0*l - 74. What is the units digit of i?
0
Let g(p) = p - 3. Let a be g(5). Suppose 133*v - 172*v = -6162. Suppose a*b - 28 = v. What is the tens digit of b?
9
Let d = 3 - 3. Let k = -9 - d. What is the units digit of k/(36/(-8)) - -4?
6
Let u(c) = 582*c - 7732. What is the ten thousands digit of u(72)?
3
What is the units digit of (31877/(-3))/(-5 + (-70)/(-15)) + 0?
7
Suppose 4 + 44 = 2*w - x, 4*w - 5*x = 102. Let i = w - 8. What is the tens digit of 440/i*(-36)/(-16)?
6
Let r = 4 + 5. What is the units digit of (r*(-9)/(-243))/(1/3741)?
7
Suppose -i - 3 = 4*b + 1, 0 = 4*b + 12. Suppose -i*t + 154 = 834. Let h = 328 + t. What is the hundreds digit of h?
2
Suppose 2*u = 2*w - 90, 2*u - 3*w = -30 - 59. Let f = u + 40. What is the units digit of (f - -7)/(((-3)/(-29))/3)?
9
Let k(g) = 2*g**2 - 4*g + 3. Let w be k(2). Suppose -48*u + 257 = -79. Suppose u*z - w*z - 376 = 0. What is the units digit of z?
4
Suppose u - 7*z = -4*z, 3*u = -3*z. Suppose -s - 2*v = -u*v - 710, -10 = -5*v. What is the units digit of s?
6
Let m(v) = v**3 - 8*v**2 + 12*v - 24. Let u be m(7). Suppose 0 = -3*t + 9, -u*i - 4*t = -9*i - 104. What is the tens digit of i?
4
Let p be (-120)/(-180) - 1/(3/(-3154)). Suppose 2*y - p = -3*u, -y = -u + 2*y + 358. What is the units digit of u?
2
Let v = 385 - 384. Let c(l) = 707*l + 9. What is the hundreds digit of c(v)?
7
Let y = -4 + 8. Suppose -3*r + 2*r - 59 = -y*g, 0 = -4*r + g - 266. Let l = r + 133. What is the tens digit of l?
6
Let m(f) = -321*f - 9. Let k be m(-2). Let g = k + -188. What is the tens digit of g?
4
Let q(t) = 531*t**2 - 713*t + 5610. What is the tens digit of q(8)?
9
What is the hundreds digit of 13/(-4) + (-187563)/(-412)?
4
Let v = -4 - -7. Suppose 0 = v*g - 5*g + 4. Suppose -j = -g - 3. What is the units digit of j?
5
Let q(v) = 5830*v - 1515. What is the thousands digit of q(6)?
3
Suppose -a = -133*i + 131*i - 2690, -2684 = -a + 5*i. What is the tens digit of a?
9
Let q = -111 - -297. Let f(c) = 16*c + 2. Let x be f(-8). Let v = q + x. What is the units digit of v?
0
Let n be 12/30 + 0 + 108/5. Suppose -t + 5767 = n*f - 17*f, -5*f + 2*t + 5776 = 0. What is the hundreds digit of f?
1
Let c(w) = 2*w - 1. Let n(s) = -92*s**2 - 15*s + 1. Let k(i) = -4*c(i) - n(i). What is the tens digit of k(-3)?
1
Suppose 96251 + 81139 = 81*r. What is the thousands digit of r?
2
Suppose -4*b = -24, -s - b = -7319 - 3621. What is the hundreds digit of s?
9
Let x(t) = -t - 20. Let f be x(-11). Let l be (0 + 3 - 0) + 4 + f. What is the tens digit of (l + 4)*(-183)/(-6)?
6
Let k(h) = -h**2 + 30*h + 12. Let a be k(10). Let z = a - -108. Suppose 0 = -4*o + 2*o + 2*p + z, 0 = -o + 3*p + 164. What is the hundreds digit of o?
1
Suppose 3*b = b - 2*a + 296, -5*b = -2*a - 726. Suppose 139*l + 525 = b*l. What is the units digit of l?
5
Suppose h + 28 = 102. Let s = 104 + h. What is the tens digit of s?
7
Suppose 17 + 18 = 7*k. Suppose -2*u + 5038 = 5*s + 2*u, -k*u = -4*s + 4055. What is the hundreds digit of s?
0
Let t be (-5 - 6/9 - -4)*-3. Let z = 390 - t. What is the tens digit of z?
8
Let z = -3932 + 5660. Suppose -24*v + 1416 + z = 0. What is the tens digit of v?
3
Let q(d) = -4*d**2 - 9*d**3 + d - 2*d**2 + 0 + 5*d**3 + 11. Let c be q(-5). What is the units digit of (-2)/((-8)/c) + 4?
3
Let b(q) = 769*q - 900. What is the hundreds digit of b(14)?
8
Let o(f) = 72*f + 1698. What is the units digit of o(94)?
6
Suppose 0 = 12*i - 7*i + 2*s - 115, 5*i - 2*s = 135. Suppose 5*f - i = 0, 0 = 4*c + 2*f + 818 - 2532. What is the tens digit of c?
2
Suppose n = -h + 14732 + 2530, -n - 51790 = -3*h. What is the tens digit of h?
6
Suppose 55*d + 80 = 60*d. Suppose -d*i - 12*i + 28 = 0. What is the units digit of i?
1
Let k = 1416 + 5815. What is the tens digit of k?
3
Let n(u) = -u + 33. Suppose 29 = -8*d + 229. Suppose -35 = 3*p - 8*p + 5*a, -4*p = -5*a - d. What is the units digit of n(p)?
3
Let p(i) = i**3 - 2*i**2 - 5*i + 7. Let f = -25 - -27. Let z be p(f). What is the units digit of z/(9/(-228) + 0)?
6
Let y(v) = 264*v - 24 + 59*v - 18 - 33 + 131*v. What is the units digit of y(3)?
7
Suppose 2511 + 1409 = 20*k. Suppose x = -2*h - k + 755, -3*x - 2*h = -1657. What is the tens digit of x?
4
Let t(z) = 5 + 2*z + 43*z - 20 - 14*z. Suppose 0*h = -h + 3. What is the tens digit of t(h)?
7
Suppose -k - 4 = -5*s - 811, 0 = k + s - 807. What is the units digit of k?
7
What is the hundreds digit of (40665/45)/((-424)/(-84) - 5)?
9
Suppose 6 = -4*v + 6*v. Let d be (-70)/4*(-330)/v. What is the tens digit of d/7 + 4 + 0?
7
Suppose 54672 = 2*a + 3*j, -263*a + 54680 = -261*a + j. What is the ten thousands digit of a?
2
Let v(b) be the first derivative of 32*b**3/3 - 6*b**2 - b - 252. What is the units digit of v(4)?
3
Let n = 5886 + -3248. Let m = n - 1529. What is the units digit of m?
9
Let o(r) = 19*r + 8. Let w be o(6). Suppose 15*j - w = 13*j. Let m = 115 - j. What is the units digit of m?
4
Let g be ((-12)/9)/(1 - (-4)/(-3)). Suppose -2*k - 3*k = j - 293, -g*k - 4*j + 228 = 0. What is the tens digit of k?
5
Let r(q) = 28*q - 15. Let g(a) = 10*a - 5. Let y(c) = -14*g(c) + 4*r(c). What is the tens digit of y(-7)?
0
Suppose 0 = 5*z + 4*o + 180, -80 + 150 = -2*z - 2*o. Suppose -161 - 199 = -5*i. Let t = z + i. What is the tens digit of t?
3
What is the ten thousands digit of 24/(-28) - 6529499/(-217)?
3
Let t(q) = 2*q**3 + 116*q**2 + 105*q - 279. What is the tens digit of t(-52)?
0
Suppose -5*d + 12 = -d, 2*p - 1639 = 5*d. Suppose -p = -2*r + 5*s, -5*s + 1229 = 3*r - s. What is the hundreds digit of r?
4
Let i be 285/6 + (-1)/(-2). Let t = -23 + i. What is the tens digit of (t/5 - -45) + (-1 - 0)?
4
Let q(m) = -21 - 5*m - 10 + 57 - 15. Suppose -3*n = 4 - 10. What is the units digit of q(n)?
1
Suppose -70*h - 93*h + 3512725 = 1252241. What is the ten thousands digit of h?
1
Let x = -29426 - -49138. What is the hundreds digit of x?
7
Suppose 0 = -v + 3*f + 74026, 28191 = -v - 5*f + 102265. What is the units digit of v?
4
Let o = 77 + -127. What is the hundreds digit of 10/3*((-11130)/o + 6)?
7
Let t(u) = 753*u**3 - 6*u**2 + 40*u - 68. What is the tens digit of t(2)?
1
Let x = 2645 + -1254. What is the units digit of x?
1
Let u = 1843 + 7102. What is the thousands digit of u?
8
Let n = 19 + -10. Let s be n/(-12) + (-43)/(-4). Suppose s = -2*j, -3*i + 4*i = -3*j + 93. What is the units digit of i?
8
Let c = 15265 + 23645. What is the ten thousands digit of c?
3
Let v(y) = 10*y - 180. Let z be v(19). What is the units digit of (z/2)/(-5) + 913 + 3?
5
Let b = 13 - 0. Suppose b*n = 7*n - 1164. Let t = -115 - n. What is the units digit of t?
9
Suppose d - 3748 = -3*j + 145108, -4*d + 49626 = j. What is the thousands digit of j?
9
What is the thousands digit of ((-2)/8 - 1148/112)*-256*18?
8
Let w be (5 + 2)*(1173 + 42). Suppose 43*s = 8*s + w. What is the units digit of s?
3
Suppose 0*k + 2*k = 5*f - 15, 45 = 5*k + 4*f. Let b be -25*(14/k - 3). Suppose 4*y - 4*s - 862 = -y, 15 = -b*s. What is the tens digit of y?
7
Let n be 115/(-23) - (-6)/2. What is the units digit of (44/(-28))/(n/14)?
1
Let d(j) = j**3 + 23*j**2 - 27*j - 59. Let x be d(-24). Suppose 1120 = 18*o - x*o. What is the tens digit of o?
2
Let z = 810 + -1442. Let x = z + 946. What is the hundreds digit of x?
3
What is the units digit of 5905/(-3)*1920/(-400)?
8
Let a(i) = 412*i**3 - i**2 + i. Suppose -3*v + 2*c + 11 = -2*v, 5*v + 4*c = -15. What is the tens digit of a(v)?
1
Suppose 2*r = -4*l, 4*l + l = r + 21. Let w(z) = -2*z**2 + 4. Let d be w(r). Let o = d + 165. What is the tens digit of o?
9
Suppose 249557 = 4*l - 20*x + 15*x, -4*l = -3*x - 249547. What is the ten thousands digit of l?
6
Let g(a) = -a**3 - 11*a**2 - 25*a - 1146. What is the hundreds digit of g(-35)?
1
Let h(j) = 616*j**2 + 39*j + 373. What is the tens digit of h(-6)?
1
Let h = 35 - 32. Let v be -86 + (-2)/h*(-7 - -4). Let p = -11 - v. What is the tens digit of p?
7
Let v(l) = -2*l**2 - 18*l + 29. Let k(m) = 2*m**2 + 19*m - 28. Let s(a) = -4*k(a) - 3*v(a). Let g be s(-12). Let r = 271 - g. What is the tens digit of r?
7
Let x(j) = -9*j**3 + 3*j**2 + 4*j - 6. Let d be x(1).